at is -2 - 124ff1e?
-124ff20
In base 5, what is 110133043 - -13?
110133111
In base 13, what is 5 - -b062596?
b06259b
In base 7, what is 10 - 56011161?
-56011151
In base 6, what is -5 - -134423410?
134423401
In base 3, what is 11021 + 1010210211?
1010222002
In base 9, what is -2114 + -35240?
-37354
In base 8, what is 24 - 122370?
-122344
In base 3, what is 1011 - -212011012111?
212011020122
In base 7, what is -354 + -151323?
-152010
In base 11, what is -236 + -12a97?
-13222
In base 15, what is 4 + 2e0859b?
2e085a0
In base 7, what is -145422346 + 3?
-145422343
In base 15, what is -197d9 - 2c4?
-19aad
In base 5, what is 2 + -1242031030?
-1242031023
In base 14, what is 16cc4 + 1?
16cc5
In base 14, what is -689c7c + 1?
-689c7b
In base 5, what is 1244403300 - -13?
1244403313
In base 9, what is 20 - 372384?
-372364
In base 9, what is -1241 - -24681?
23440
In base 5, what is 104332 - -232312?
342144
In base 9, what is 2035306365 + 1?
2035306366
In base 8, what is 46 + -73335110?
-73335042
In base 13, what is -583 + -1a850?
-1b103
In base 2, what is 110111 - 10100100110110101110?
-10100100110101110111
In base 4, what is -133100 - -220203032?
220003332
In base 3, what is -21002111 - 102002220?
-200012101
In base 6, what is -5453523035 - 2?
-5453523041
In base 3, what is -111 - 10222112202000?
-10222112202111
In base 6, what is 35320 + -25103?
10213
In base 12, what is 174 + 419661?
419815
In base 7, what is -13614 - -26323?
12406
In base 9, what is -52376177 + -3?
-52376181
In base 6, what is 103 - -10534441?
10534544
In base 13, what is -1460 - 36b52?
-382b2
In base 11, what is -99a903 + 38?
-99a876
In base 7, what is 5 + -1044243313?
-1044243305
In base 8, what is -4 - 3541722?
-3541726
In base 6, what is 11 - 13244330?
-13244315
In base 12, what is 362ba5a - 4?
362ba56
In base 14, what is 4 - 746665?
-746661
In base 9, what is -105 - -443417?
443312
In base 14, what is -29b61 - aa?
-29c2b
In base 11, what is 65 - 2770a9?
-277044
In base 5, what is -24 + -1400322?
-1400401
In base 13, what is 31 - -54033b?
54036c
In base 14, what is 1 + 655dc2?
655dc3
In base 4, what is 3110130320 - -1?
3110130321
In base 13, what is -269838c5 + 3?
-269838c2
In base 10, what is 1 - -317117759?
317117760
In base 11, what is 228 + 2162014?
2162241
In base 15, what is 17 + -253c?
-2525
In base 13, what is 42 - 56421c?
-5641aa
In base 15, what is 1956 + 1ce0?
3746
In base 16, what is -eb2a3 + 26?
-eb27d
In base 9, what is -12586 - 1887?
-14584
In base 14, what is -3 + -4385b59?
-4385b5c
In base 4, what is -13 - 233302320?
-233302333
In base 16, what is -c5fe + -1832?
-de30
In base 9, what is 407551 - -563?
408224
In base 10, what is -9706 + 6163?
-3543
In base 14, what is -12 + 32a9d9a?
32a9d88
In base 4, what is -10 - -2231032021101?
2231032021031
In base 15, what is -1 + -10685d66?
-10685d67
In base 4, what is -3222101013023 - -2?
-3222101013021
In base 15, what is -c - 6347981?
-634798d
In base 9, what is 1 - -12520112?
12520113
In base 9, what is 750415 - -1706?
752222
In base 9, what is -10 + 24201154?
24201144
In base 12, what is 49574413 - -5?
49574418
In base 3, what is 201021010112110021 + -1?
201021010112110020
In base 5, what is -1 + 100322303311?
100322303310
In base 6, what is -100202031 - 4?
-100202035
In base 7, what is -121 - -1461210?
1461056
In base 2, what is -11110010010 + -101000110010100101?
-101001010000110111
In base 3, what is 22212000002121201 + -12?
22212000002121112
In base 10, what is -729664 + -19?
-729683
In base 4, what is -3220302111012 + 102?
-3220302110310
In base 3, what is 1020012021001 - -20012?
1020012111020
In base 3, what is 121012021020221 - 10?
121012021020211
In base 5, what is -12412314123 + -10?
-12412314133
In base 12, what is 106bbb - -53?
107052
In base 14, what is -a4c146 + 5?
-a4c141
In base 2, what is 101 - 101000111000010001111?
-101000111000010001010
In base 12, what is 1 + b10495?
b10496
In base 16, what is -1 - 1a9e5d0?
-1a9e5d1
In base 11, what is 139550 + 372?
139912
In base 8, what is -44 - -36733753?
36733707
In base 3, what is -1220 + -11122011111101?
-11122011120021
In base 11, what is -26 + 285874?
285849
In base 3, what is 200111012201 - 2111?
200111010020
In base 14, what is 4a - -9b62ab?
9b6317
In base 13, what is -595 + 570?
-25
In base 2, what is 101 - -1101111000011100111100?
1101111000011101000001
In base 11, what is 1799 - 1784?
15
In base 4, what is -13121313 - -201?
-13121112
In base 2, what is 1010101001011 + 11110101100?
1110011110111
In base 13, what is b406c7a - 1?
b406c79
In base 8, what is -13403 - 1231?
-14634
In base 9, what is 322012 - 1814?
320087
In base 9, what is 421 - 54178?
-53657
In base 2, what is -11 - -10110100100101101001000011?
10110100100101101001000000
In base 12, what is -25412834 - -4?
-25412830
In base 3, what is -2020101201102 + 1100?
-2020101200002
In base 15, what is 4 - -5da368?
5da36c
In base 16, what is a + 3f98ac9?
3f98ad3
In base 8, what is -22255722 + 2?
-22255720
In base 10, what is 4 + -2589272?
-2589268
In base 4, what is 1200 + 2032323013?
2032330213
In base 9, what is 121 + 6284258?
6284380
In base 12, what is 3241 + -8043?
-4a02
In base 14, what is -10814b - -19?
-108132
In base 16, what is -7d5aa - -5?
-7d5a5
In base 7, what is 3056 + -16053?
-12664
In base 10, what is -329826 - -225?
-329601
In base 7, what is 16220 - 1642?
14245
In base 12, what is -156851 + 513?
-15633a
In base 13, what is -1a - -35a96?
35a79
In base 10, what is 1538987 + 69?
1539056
In base 6, what is 12511500 - 3?
12511453
In base 10, what is -4 + -3334066?
-3334070
In base 3, what is -12202001 - -1202001?
-11000000
In base 13, what is a58 + 1952b4?
19603c
In base 10, what is -269 + 187216?
186947
In base 7, what is 2125 + -642566?
-640441
In base 8, what is -6 + 132204007?
132204001
In base 9, what is 75455 - -106?
75562
In base 10, what is -303150850 + -5?
-303150855
In base 7, what is 602462154 - 0?
602462154
In base 3, what is -1220101 - -10221120010?
10212122202
In base 8, what is 5774720 - -14?
5774734
In base 16, what is -1566e6a + 1?
-1566e69
In base 6, what is -2241445 + -114411?
-2400300
In base 14, what is 17022d - 5?
170228
In base 15, what is 21cee9 - 2?
21cee7
In base 7, what is -22222401 + -225?
-22222626
In base 16, what is -3f - -b853?
b814
In base 11, what is -5 + 1133867?
1133862
In base 15, what is -77312e + 3d?
-7730e1
In base 3, what is -11110000111010 + 222?
-11110000110011
In base 9, what is 548 + 3831?
4480
In base 5, what is -1 - -1200223230?
1200223224
In base 14, what is -3 + -5abba5?
-5abba8
In base 11, what is -4129 + 6033?
1a05
In base 6, what is 14013320 - 13231?
14000045
In base 8, what is -352225 + 5667?
-344336
In base 16, what is 0 - 44cc3?
-44cc3
In base 15, what is -2 + a1478e?
a1478c
In base 8, what is 14222332 - -24?
14222356
In base 4, what is 200 + -302230012021?
-302230011221
In base 9, what is 3017847 + -540?
3017307
In base 9, what is -3 + 31062860?
31062856
In base 13, what is 2b61b6 + 34?
2b621a
In base 5, what is 13 - -3012420144?
3012420212
In base 7, what is -212565 - -1605?
-210660
In base 7, what is -1255146450 - -1?
-1255146446
In base 15, what is 154 - -82b5?
8419
In base 16, what is -16f - fc8?
-1137
In base 2, what is -1110001111110010010000 + 1000?
-1110001111110010001000
In base 12, what is 13ab976 - 8?
13ab96a
In base 16, what is 0 - -3047085?
3047085
In base 13, what is 10363 + -3?
10360
In base 12, what is -4 + -1414904?
-1414908
In base 4, what is -122212333212 + -10?
-122212333222
In base 9, what is 0 - 6003214?
-6003214
In base 12, what is 267824 + -18?
267808
In base 9, what is -302048 - 121?
-302170
In base 15, what is -58 - 6d16?
-6d6e
In base 16, what is 4 - -11ec542?
11ec546
In base 10, what is -8910 - 644?
-9554
In base 8, what is 74370176 - -4?
74370202
In base 12, what is 4933813 - -5?
4933818
In base 4, what is 3 - 32003311123?
-32003311120
In base 10, what is -532 + 4421?
3889
In base 10, what is 62 - -135460?
135522
In base 12, what is 312 - -399b3?
3a105
In base 5, what is -41432 + -1143401?
-1240333
In base 14, what is -11367 + -160?
-114c7
In base 12, what is -a47811 + 3?
-a4780a
In base 12, what is -15b + -16a71b?
-16a87a
In base 6, what is -2052503523 - -4?
-2052503515
In base 13, what is 299560b - 5?
29